{"id":544,"date":"2020-12-26T00:58:11","date_gmt":"2020-12-25T21:58:11","guid":{"rendered":"https:\/\/konyamevlana.com\/florya\/?page_id=544"},"modified":"2021-01-10T19:03:32","modified_gmt":"2021-01-10T16:03:32","slug":"iletisim","status":"publish","type":"page","link":"https:\/\/konyamevlana.com\/florya\/iletisim\/","title":{"rendered":"\u0130leti\u015fim"},"content":{"rendered":"\n\t<section class=\"section\" id=\"section_1496786888\">\n\t\t<div class=\"bg section-bg fill bg-fill  bg-loaded\" >\n\n\t\t\t\n\t\t\t\n\t\t\t\n\n\t\t<\/div>\n\n\t\t<div class=\"section-content relative\">\n\t\t\t\n\n<div class=\"row align-center\"  id=\"row-1854024786\">\n\n\n\t<div id=\"col-1116380641\" class=\"col medium-8 small-10 large-7\"  >\n\t\t\t\t<div class=\"col-inner text-center\"  >\n\t\t\t\n\t\t\t\n\n<h2 style=\"font-size: 200%;\">\u0130leti\u015fim<\/h2>\n<p>1992&#8217;den beri Konya lezzetlerini sunmaktay\u0131z. Bah\u00e7elievler ve Florya \u015fubemiz haricinde ba\u015fka \u015fubemiz bulunmamaktad\u0131r.<\/p>\n\n\t\t<\/div>\n\t\t\t\t\t<\/div>\n\n\t\n\n<\/div>\n\t<div id=\"gap-777746605\" class=\"gap-element clearfix\" style=\"display:block; height:auto;\">\n\t\t\n<style>\n#gap-777746605 {\n  padding-top: 100px;\n}\n<\/style>\n\t<\/div>\n\t\n\n\n\t\t<\/div>\n\n\t\t\n<style>\n#section_1496786888 {\n  padding-top: 100px;\n  padding-bottom: 100px;\n  background-color: rgb(246, 246, 246);\n}\n<\/style>\n\t<\/section>\n\t\n<div class=\"row align-center\"  id=\"row-1375072908\">\n\n\n\t<div id=\"col-744030238\" class=\"col medium-10 small-12 large-10\"  >\n\t\t\t\t<div class=\"col-inner\"  >\n\t\t\t\n\t\t\t\n\n<div class=\"container section-title-container\" style=\"max-width:400px;\"><h3 class=\"section-title section-title-center\"><b><\/b><span class=\"section-title-main\" style=\"font-size:70%;\">Bayilerimiz<\/span><b><\/b><\/h3><\/div>\n\n<div class=\"row\"  id=\"row-47510348\">\n\n\n\t<div id=\"col-1838372359\" class=\"col medium-6 small-12 large-6\"  >\n\t\t\t\t<div class=\"col-inner\"  >\n\t\t\t\n\t\t\t\n\n\t<div class=\"box has-hover   has-hover box-text-bottom\" >\n\n\t\t<div class=\"box-image\" >\n\t\t\t\t\t\t<div class=\"image-cover\" style=\"padding-top:56.25%;\">\n\t\t\t\t<img width=\"900\" height=\"650\" src=\"https:\/\/konyamevlana.com\/florya\/wp-content\/uploads\/2020\/12\/konya-mevlana-1.jpg\" class=\"attachment- size-\" alt=\"\" loading=\"lazy\" srcset=\"https:\/\/konyamevlana.com\/florya\/wp-content\/uploads\/2020\/12\/konya-mevlana-1.jpg 900w, https:\/\/konyamevlana.com\/florya\/wp-content\/uploads\/2020\/12\/konya-mevlana-1-554x400.jpg 554w, https:\/\/konyamevlana.com\/florya\/wp-content\/uploads\/2020\/12\/konya-mevlana-1-768x555.jpg 768w, https:\/\/konyamevlana.com\/florya\/wp-content\/uploads\/2020\/12\/konya-mevlana-1-300x217.jpg 300w, https:\/\/konyamevlana.com\/florya\/wp-content\/uploads\/2020\/12\/konya-mevlana-1-600x433.jpg 600w\" sizes=\"(max-width: 900px) 100vw, 900px\" \/>\t\t\t\t\t\t\t\t\t\t\t<\/div>\n\t\t\t\t\t<\/div>\n\n\t\t<div class=\"box-text text-center\" style=\"padding:20px 0px 0px 0px;\">\n\t\t\t<div class=\"box-text-inner\">\n\t\t\t\t\n\n<h6>Florya<\/h6>\n<h3>Konya Mevlana Florya \u015eube<\/h3>\n<p>Florya Asfalt\u0131 Avc\u0131lar Sok. No:1<\/p>\n<p>(\u015eenlikk\u00f6y Karakol Kar\u015f\u0131s\u0131) Florya \/ \u0130stanbul<\/p>\n\t<div id=\"gap-89191903\" class=\"gap-element clearfix\" style=\"display:block; height:auto;\">\n\t\t\n<style>\n#gap-89191903 {\n  padding-top: 20px;\n}\n<\/style>\n\t<\/div>\n\t\n\n<h6>\u0130leti\u015fim<\/h6>\n<p>(0212) 662 06 22<\/p>\n<p>info@konyamevlana.com<\/p>\n\n\t\t\t<\/div>\n\t\t<\/div>\n\t<\/div>\n\t\n\n\t\t<\/div>\n\t\t\t\t\t<\/div>\n\n\t\n\n\t<div id=\"col-593160394\" class=\"col medium-6 small-12 large-6\"  >\n\t\t\t\t<div class=\"col-inner\"  >\n\t\t\t\n\t\t\t\n\n\t<div class=\"box has-hover   has-hover box-text-bottom\" >\n\n\t\t<div class=\"box-image\" >\n\t\t\t\t\t\t<div class=\"image-cover\" style=\"padding-top:56.25%;\">\n\t\t\t\t<img width=\"809\" height=\"408\" src=\"https:\/\/konyamevlana.com\/florya\/wp-content\/uploads\/2020\/12\/konya-mevlana-bahcelievler-1.jpg\" class=\"attachment- size-\" alt=\"\" loading=\"lazy\" srcset=\"https:\/\/konyamevlana.com\/florya\/wp-content\/uploads\/2020\/12\/konya-mevlana-bahcelievler-1.jpg 809w, https:\/\/konyamevlana.com\/florya\/wp-content\/uploads\/2020\/12\/konya-mevlana-bahcelievler-1-793x400.jpg 793w, https:\/\/konyamevlana.com\/florya\/wp-content\/uploads\/2020\/12\/konya-mevlana-bahcelievler-1-768x387.jpg 768w, https:\/\/konyamevlana.com\/florya\/wp-content\/uploads\/2020\/12\/konya-mevlana-bahcelievler-1-300x151.jpg 300w, https:\/\/konyamevlana.com\/florya\/wp-content\/uploads\/2020\/12\/konya-mevlana-bahcelievler-1-600x303.jpg 600w\" sizes=\"(max-width: 809px) 100vw, 809px\" \/>\t\t\t\t\t\t\t\t\t\t\t<\/div>\n\t\t\t\t\t<\/div>\n\n\t\t<div class=\"box-text text-center\" style=\"padding:20px 0px 0px 0px;\">\n\t\t\t<div class=\"box-text-inner\">\n\t\t\t\t\n\n<h6>Bah\u00e7elievler<\/h6>\n<h3>Konya Mevlana Bah\u00e7elievler \u015eube<\/h3>\n<p>Talatpa\u015fa Cad. No:38&nbsp;<br \/>Bah\u00e7elievler \/ \u0130stanbul<\/p>\n\t<div id=\"gap-2066887022\" class=\"gap-element clearfix\" style=\"display:block; height:auto;\">\n\t\t\n<style>\n#gap-2066887022 {\n  padding-top: 20px;\n}\n<\/style>\n\t<\/div>\n\t\n\n<h6>\u0130leti\u015fim<\/h6>\n<p>(0212) 505 86 18<br \/>info@konyamevlana.com<\/p>\n\n\t\t\t<\/div>\n\t\t<\/div>\n\t<\/div>\n\t\n\n\t\t<\/div>\n\t\t\t\t\t<\/div>\n\n\t\n\n<\/div>\n\n\t\t<\/div>\n\t\t\t\t\n<style>\n#col-744030238 > .col-inner {\n  margin: -150px 0px 0px 0px;\n}\n<\/style>\n\t<\/div>\n\n\t\n\n<\/div>\n<div class=\"row align-center\"  id=\"row-1018276998\">\n\n\n\t<div id=\"col-673050929\" class=\"col medium-10 small-12 large-10\"  >\n\t\t\t\t<div class=\"col-inner\"  >\n\t\t\t\n\t\t\t\n\n\t<section class=\"section\" id=\"section_1713964184\">\n\t\t<div class=\"bg section-bg fill bg-fill  bg-loaded\" >\n\n\t\t\t\n\t\t\t\n\t\t\t\n\t<div class=\"is-border\"\n\t\tstyle=\"border-color:rgb(235, 235, 235);border-width:1px 1px 1px 1px;\">\n\t<\/div>\n\n\t\t<\/div>\n\n\t\t<div class=\"section-content relative\">\n\t\t\t\n\n<div class=\"row row-large\"  id=\"row-40209698\">\n\n\n\t<div id=\"col-871333653\" class=\"col medium-8 small-12 large-8\"  >\n\t\t\t\t<div class=\"col-inner\"  >\n\t\t\t\n\t\t\t\n\n<div role=\"form\" class=\"wpcf7\" id=\"wpcf7-f12-o1\" lang=\"tr-TR\" dir=\"ltr\">\n<div class=\"screen-reader-response\"><p role=\"status\" aria-live=\"polite\" aria-atomic=\"true\"><\/p> <ul><\/ul><\/div>\n<form action=\"\/florya\/wp-json\/wp\/v2\/pages\/544#wpcf7-f12-o1\" method=\"post\" class=\"wpcf7-form init\" novalidate=\"novalidate\" data-status=\"init\">\n<div style=\"display: none;\">\n<input type=\"hidden\" name=\"_wpcf7\" value=\"12\" \/>\n<input type=\"hidden\" name=\"_wpcf7_version\" value=\"5.6\" \/>\n<input type=\"hidden\" name=\"_wpcf7_locale\" value=\"tr_TR\" \/>\n<input type=\"hidden\" name=\"_wpcf7_unit_tag\" value=\"wpcf7-f12-o1\" \/>\n<input type=\"hidden\" name=\"_wpcf7_container_post\" value=\"0\" \/>\n<input type=\"hidden\" name=\"_wpcf7_posted_data_hash\" value=\"\" \/>\n<\/div>\n<p><label> \u0130sim (gerekli)<br \/>\n    <span class=\"wpcf7-form-control-wrap\" data-name=\"your-name\"><input type=\"text\" name=\"your-name\" value=\"\" size=\"40\" class=\"wpcf7-form-control wpcf7-text wpcf7-validates-as-required\" aria-required=\"true\" aria-invalid=\"false\" \/><\/span> <\/label><\/p>\n<p><label> E-Posta (gerekli)<br \/>\n    <span class=\"wpcf7-form-control-wrap\" data-name=\"your-email\"><input type=\"email\" name=\"your-email\" value=\"\" size=\"40\" class=\"wpcf7-form-control wpcf7-text wpcf7-email wpcf7-validates-as-required wpcf7-validates-as-email\" aria-required=\"true\" aria-invalid=\"false\" \/><\/span> <\/label><\/p>\n<p><label> Konu<br \/>\n    <span class=\"wpcf7-form-control-wrap\" data-name=\"your-subject\"><input type=\"text\" name=\"your-subject\" value=\"\" size=\"40\" class=\"wpcf7-form-control wpcf7-text\" aria-invalid=\"false\" \/><\/span> <\/label><\/p>\n<p><label> Mesaj\u0131n\u0131z<br \/>\n    <span class=\"wpcf7-form-control-wrap\" data-name=\"your-message\"><textarea name=\"your-message\" cols=\"40\" rows=\"10\" class=\"wpcf7-form-control wpcf7-textarea\" aria-invalid=\"false\"><\/textarea><\/span> <\/label><\/p>\n<p><input type=\"submit\" value=\"G\u00f6nder\" class=\"wpcf7-form-control has-spinner wpcf7-submit\" \/><\/p>\n<div class=\"wpcf7-response-output\" aria-hidden=\"true\"><\/div><\/form><\/div>\n\n\n\t\t<\/div>\n\t\t\t\t\t<\/div>\n\n\t\n\n\t<div id=\"col-492668453\" class=\"col medium-4 small-12 large-4\"  >\n\t\t\t\t<div class=\"col-inner\"  >\n\t\t\t\n\t\t\t\n\n<h6>\u015eirket<\/h6>\n<p>Florya Asfalt\u0131 Avc\u0131lar Sok. No:1 (\u015eenlikk\u00f6y Karakol Kar\u015f\u0131s\u0131) Florya \/ \u0130stanbul<\/p>\n\t<div id=\"gap-1228241820\" class=\"gap-element clearfix\" style=\"display:block; height:auto;\">\n\t\t\n<style>\n#gap-1228241820 {\n  padding-top: 20px;\n}\n<\/style>\n\t<\/div>\n\t\n\n<h6>ileti\u015fim<\/h6>\n<p>Telefon : 0 (212) 662 06 21 &#8211; 0 (212) 662 06 22<\/p>\n<div class=\"social-icons follow-icons\" style=\"font-size:80%\"><a href=\"#\" target=\"_blank\" data-label=\"Facebook\" rel=\"noopener noreferrer nofollow\" class=\"icon primary button circle facebook tooltip\" title=\"Facebook' ta Takip Edin\" aria-label=\"Facebook&#039; ta Takip Edin\"><i class=\"icon-facebook\" ><\/i><\/a><a href=\"#\" target=\"_blank\" rel=\"noopener noreferrer nofollow\" data-label=\"Instagram\" class=\"icon primary button circle  instagram tooltip\" title=\"Instagram' da Takip Edin\" aria-label=\"Instagram&#039; da Takip Edin\"><i class=\"icon-instagram\" ><\/i><\/a><a href=\"#\" target=\"_blank\" data-label=\"Twitter\" rel=\"noopener noreferrer nofollow\" class=\"icon primary button circle  twitter tooltip\" title=\"Twitter' da Takip Edin\" aria-label=\"Twitter&#039; da Takip Edin\"><i class=\"icon-twitter\" ><\/i><\/a><a href=\"#\" target=\"_blank\" rel=\"noopener noreferrer nofollow\" data-label=\"LinkedIn\" class=\"icon primary button circle  linkedin tooltip\" title=\"Follow on LinkedIn\" aria-label=\"Follow on LinkedIn\"><i class=\"icon-linkedin\" ><\/i><\/a><\/div>\n\n\n\t\t<\/div>\n\t\t\t\t\t<\/div>\n\n\t\n\n\n<style>\n#row-40209698 > .col > .col-inner {\n  padding: 10px 10px 10px 10px;\n}\n@media (min-width:550px) {\n  #row-40209698 > .col > .col-inner {\n    padding: 20px 20px 20px 20px;\n  }\n}\n<\/style>\n<\/div>\n\n\t\t<\/div>\n\n\t\t\n<style>\n#section_1713964184 {\n  padding-top: 30px;\n  padding-bottom: 30px;\n}\n<\/style>\n\t<\/section>\n\t\n\n\t\t<\/div>\n\t\t\t\t\n<style>\n#col-673050929 > .col-inner {\n  margin: 0px 0px 50px 0px;\n}\n<\/style>\n\t<\/div>\n\n\t\n\n<\/div>\n\n","protected":false},"excerpt":{"rendered":"","protected":false},"author":1,"featured_media":0,"parent":0,"menu_order":0,"comment_status":"closed","ping_status":"closed","template":"","meta":[],"yoast_head":"<!-- This site is optimized with the Yoast SEO Premium plugin v15.2 - https:\/\/yoast.com\/wordpress\/plugins\/seo\/ -->\n<title>\u0130leti\u015fim | Konya Mevlana Florya<\/title>\n<meta name=\"robots\" content=\"index, follow, max-snippet:-1, max-image-preview:large, max-video-preview:-1\" \/>\n<link rel=\"canonical\" href=\"https:\/\/konyamevlana.com\/florya\/iletisim\/\" \/>\n<meta property=\"og:locale\" content=\"tr_TR\" \/>\n<meta property=\"og:type\" content=\"article\" \/>\n<meta property=\"og:title\" content=\"\u0130leti\u015fim | Konya Mevlana Florya\" \/>\n<meta property=\"og:url\" content=\"https:\/\/konyamevlana.com\/florya\/iletisim\/\" \/>\n<meta property=\"og:site_name\" content=\"Konya Mevlana Florya\" \/>\n<meta property=\"article:modified_time\" content=\"2021-01-10T16:03:32+00:00\" \/>\n<meta name=\"twitter:card\" content=\"summary_large_image\" \/>\n<meta name=\"twitter:label1\" value=\"Yazan:\">\n\t<meta name=\"twitter:data1\" value=\"admin\">\n\t<meta name=\"twitter:label2\" value=\"Tahmini okuma s\u00fcresi\">\n\t<meta name=\"twitter:data2\" value=\"1 dakika\">\n<script type=\"application\/ld+json\" class=\"yoast-schema-graph\">{\"@context\":\"https:\/\/schema.org\",\"@graph\":[{\"@type\":\"Organization\",\"@id\":\"https:\/\/konyamevlana.com\/florya\/#organization\",\"name\":\"Konya Mevlana Florya\",\"url\":\"https:\/\/konyamevlana.com\/florya\/\",\"sameAs\":[\"https:\/\/www.instagram.com\/konyamevlanaflorya\/\"],\"logo\":{\"@type\":\"ImageObject\",\"@id\":\"https:\/\/konyamevlana.com\/florya\/#logo\",\"inLanguage\":\"tr\",\"url\":\"https:\/\/konyamevlana.com\/florya\/wp-content\/uploads\/2020\/12\/image.png\",\"width\":345,\"height\":168,\"caption\":\"Konya Mevlana Florya\"},\"image\":{\"@id\":\"https:\/\/konyamevlana.com\/florya\/#logo\"}},{\"@type\":\"WebSite\",\"@id\":\"https:\/\/konyamevlana.com\/florya\/#website\",\"url\":\"https:\/\/konyamevlana.com\/florya\/\",\"name\":\"Konya Mevlana Florya\",\"description\":\"Online Sipari\\u015f\",\"publisher\":{\"@id\":\"https:\/\/konyamevlana.com\/florya\/#organization\"},\"potentialAction\":[{\"@type\":\"SearchAction\",\"target\":\"https:\/\/konyamevlana.com\/florya\/?s={search_term_string}\",\"query-input\":\"required name=search_term_string\"}],\"inLanguage\":\"tr\"},{\"@type\":\"WebPage\",\"@id\":\"https:\/\/konyamevlana.com\/florya\/iletisim\/#webpage\",\"url\":\"https:\/\/konyamevlana.com\/florya\/iletisim\/\",\"name\":\"\\u0130leti\\u015fim | Konya Mevlana Florya\",\"isPartOf\":{\"@id\":\"https:\/\/konyamevlana.com\/florya\/#website\"},\"datePublished\":\"2020-12-25T21:58:11+00:00\",\"dateModified\":\"2021-01-10T16:03:32+00:00\",\"inLanguage\":\"tr\",\"potentialAction\":[{\"@type\":\"ReadAction\",\"target\":[\"https:\/\/konyamevlana.com\/florya\/iletisim\/\"]}]}]}<\/script>\n<!-- \/ Yoast SEO Premium plugin. -->","_links":{"self":[{"href":"https:\/\/konyamevlana.com\/florya\/wp-json\/wp\/v2\/pages\/544"}],"collection":[{"href":"https:\/\/konyamevlana.com\/florya\/wp-json\/wp\/v2\/pages"}],"about":[{"href":"https:\/\/konyamevlana.com\/florya\/wp-json\/wp\/v2\/types\/page"}],"author":[{"embeddable":true,"href":"https:\/\/konyamevlana.com\/florya\/wp-json\/wp\/v2\/users\/1"}],"replies":[{"embeddable":true,"href":"https:\/\/konyamevlana.com\/florya\/wp-json\/wp\/v2\/comments?post=544"}],"version-history":[{"count":2,"href":"https:\/\/konyamevlana.com\/florya\/wp-json\/wp\/v2\/pages\/544\/revisions"}],"predecessor-version":[{"id":811,"href":"https:\/\/konyamevlana.com\/florya\/wp-json\/wp\/v2\/pages\/544\/revisions\/811"}],"wp:attachment":[{"href":"https:\/\/konyamevlana.com\/florya\/wp-json\/wp\/v2\/media?parent=544"}],"curies":[{"name":"wp","href":"https:\/\/api.w.org\/{rel}","templated":true}]}}