{"id":535,"date":"2020-12-26T00:44:23","date_gmt":"2020-12-25T21:44:23","guid":{"rendered":"https:\/\/konyamevlana.com\/bahcelievler\/?page_id=535"},"modified":"2021-01-02T12:19:24","modified_gmt":"2021-01-02T09:19:24","slug":"rezervasyon","status":"publish","type":"page","link":"https:\/\/konyamevlana.com\/bahcelievler\/rezervasyon\/","title":{"rendered":"Rezervasyon"},"content":{"rendered":"\n<p><strong>Sayfam\u0131z bak\u0131mdad\u0131r. Daha sonra tekrar deneyin anlay\u0131\u015f\u0131n\u0131z i\u00e7in te\u015fekk\u00fcr ederiz.<\/strong><\/p>\n\n\n\n<h2>Florya<\/h2>\n\n\n\n<ul><li>\u00a0Florya Asfalt\u0131 Avc\u0131lar Sok. No:1<br>(\u015eenlikk\u00f6y Karakol Kar\u015f\u0131s\u0131) Florya \/ \u0130stanbul<\/li><li>Telefon :<a href=\"tel:\/\/+02126620621\">\u00a00 (212) 662 06 21\u00a0<\/a>&#8211;\u00a0<a href=\"tel:\/\/+02126620622\">0 (212) 662 06 22<\/a><\/li><li>\u00a00(212) 573 74 74<\/li><li>\u00a0info@konyamevlana.com<\/li><li><a rel=\"noreferrer noopener\" href=\"https:\/\/www.google.com\/maps\/place\/Konya+Mevlana+Lokantas%C4%B1\/@40.9823363,28.8214737,13.25z\/data=!4m12!1m6!3m5!1s0x0:0xb632322738ed2106!2sKonya+Mevlana+Lokantas%C4%B1!8m2!3d40.9812507!4d28.7938491!3m4!1s0x0:0xb632322738ed2106!8m2!3d40.9812507!4d28.7938491?hl=tr-TR\" target=\"_blank\">\u00a0Harita i\u00e7in t\u0131klay\u0131n\u0131z&#8230;<\/a><\/li><\/ul>\n\n\n\n<h2>Bah\u00e7elievler<\/h2>\n\n\n\n<ul><li>&nbsp;Talatpa\u015fa Cad. No:38&nbsp;<br>Bah\u00e7elievler \/ \u0130stanbul<\/li><li>Telefon :&nbsp;<a href=\"tel:\/\/+02125058618\">0 (212) 505 86 18&nbsp;<\/a>&#8211;&nbsp;<a href=\"tel:\/\/+02125533072\">0 (212) 553 30 72&nbsp;<\/a>&#8211;<a href=\"tel:\/\/+02125534850\">0 (212) 553 48 50<\/a><\/li><li>&nbsp;0 (212) 555 48 51<\/li><li>&nbsp;info@konyamevlana.com<\/li><li><a href=\"https:\/\/goo.gl\/maps\/PwahWrqBr1U2\" target=\"_blank\" rel=\"noreferrer noopener\">&nbsp;Harita i\u00e7in t\u0131klay\u0131n\u0131z&#8230;<\/a><\/li><\/ul>\n\n\n\n<p><a href=\"https:\/\/konyamevlana.com\/bahcelievler\/images\/haber-turk-konya-mevlana.jpg\"><\/a><\/p>\n","protected":false},"excerpt":{"rendered":"<p>Sayfam\u0131z bak\u0131mdad\u0131r. Daha sonra tekrar deneyin anlay\u0131\u015f\u0131n\u0131z i\u00e7in te\u015fekk\u00fcr ederiz. Florya \u00a0Florya Asfalt\u0131 Avc\u0131lar Sok. No:1(\u015eenlikk\u00f6y Karakol Kar\u015f\u0131s\u0131) Florya \/ \u0130stanbul Telefon :\u00a00 (212) 662 06 21\u00a0&#8211;\u00a00 (212) 662 06 22 \u00a00(212) 573 74 74 \u00a0info@konyamevlana.com \u00a0Harita i\u00e7in t\u0131klay\u0131n\u0131z&#8230; Bah\u00e7elievler &nbsp;Talatpa\u015fa Cad. No:38&nbsp;Bah\u00e7elievler \/ \u0130stanbul Telefon :&nbsp;0 (212) 505 86 18&nbsp;&#8211;&nbsp;0 (212) 553 30 72&nbsp;&#8211;0 [&#8230;]\n","protected":false},"author":1,"featured_media":0,"parent":0,"menu_order":0,"comment_status":"closed","ping_status":"closed","template":"","meta":[],"yoast_head":"<!-- This site is optimized with the Yoast SEO Premium plugin v15.2 - https:\/\/yoast.com\/wordpress\/plugins\/seo\/ -->\n<title>Rezervasyon | Konya Mevlana Bah&ccedil;elievler<\/title>\n<meta name=\"robots\" content=\"index, follow, max-snippet:-1, max-image-preview:large, max-video-preview:-1\" \/>\n<link rel=\"canonical\" href=\"https:\/\/konyamevlana.com\/bahcelievler\/rezervasyon\/\" \/>\n<meta property=\"og:locale\" content=\"tr_TR\" \/>\n<meta property=\"og:type\" content=\"article\" \/>\n<meta property=\"og:title\" content=\"Rezervasyon | Konya Mevlana Bah&ccedil;elievler\" \/>\n<meta property=\"og:description\" content=\"Sayfam\u0131z bak\u0131mdad\u0131r. Daha sonra tekrar deneyin anlay\u0131\u015f\u0131n\u0131z i\u00e7in te\u015fekk\u00fcr ederiz. Florya \u00a0Florya Asfalt\u0131 Avc\u0131lar Sok. No:1(\u015eenlikk\u00f6y Karakol Kar\u015f\u0131s\u0131) Florya \/ \u0130stanbul Telefon :\u00a00 (212) 662 06 21\u00a0&#8211;\u00a00 (212) 662 06 22 \u00a00(212) 573 74 74 \u00a0info@konyamevlana.com \u00a0Harita i\u00e7in t\u0131klay\u0131n\u0131z&#8230; Bah\u00e7elievler &nbsp;Talatpa\u015fa Cad. No:38&nbsp;Bah\u00e7elievler \/ \u0130stanbul Telefon :&nbsp;0 (212) 505 86 18&nbsp;&#8211;&nbsp;0 (212) 553 30 72&nbsp;&#8211;0 [...]\" \/>\n<meta property=\"og:url\" content=\"https:\/\/konyamevlana.com\/bahcelievler\/rezervasyon\/\" \/>\n<meta property=\"og:site_name\" content=\"Konya Mevlana Bah&ccedil;elievler\" \/>\n<meta property=\"article:modified_time\" content=\"2021-01-02T09:19:24+00:00\" \/>\n<meta name=\"twitter:card\" content=\"summary_large_image\" \/>\n<meta name=\"twitter:label1\" value=\"Yazan:\">\n\t<meta name=\"twitter:data1\" value=\"admin\">\n\t<meta name=\"twitter:label2\" value=\"Tahmini okuma s\u00fcresi\">\n\t<meta name=\"twitter:data2\" value=\"0 dakika\">\n<script type=\"application\/ld+json\" class=\"yoast-schema-graph\">{\"@context\":\"https:\/\/schema.org\",\"@graph\":[{\"@type\":\"Organization\",\"@id\":\"https:\/\/konyamevlana.com\/bahcelievler\/#organization\",\"name\":\"Konya Mevlana Bah\\u00e7elievler\",\"url\":\"https:\/\/konyamevlana.com\/bahcelievler\/\",\"sameAs\":[\"https:\/\/www.instagram.com\/konyamevlanaflorya\/\"],\"logo\":{\"@type\":\"ImageObject\",\"@id\":\"https:\/\/konyamevlana.com\/bahcelievler\/#logo\",\"inLanguage\":\"tr\",\"url\":\"https:\/\/konyamevlana.com\/bahcelievler\/wp-content\/uploads\/2020\/12\/image.png\",\"width\":345,\"height\":168,\"caption\":\"Konya Mevlana Bah\\u00e7elievler\"},\"image\":{\"@id\":\"https:\/\/konyamevlana.com\/bahcelievler\/#logo\"}},{\"@type\":\"WebSite\",\"@id\":\"https:\/\/konyamevlana.com\/bahcelievler\/#website\",\"url\":\"https:\/\/konyamevlana.com\/bahcelievler\/\",\"name\":\"Konya Mevlana Bah&ccedil;elievler\",\"description\":\"Online Sipari\\u015f\",\"publisher\":{\"@id\":\"https:\/\/konyamevlana.com\/bahcelievler\/#organization\"},\"potentialAction\":[{\"@type\":\"SearchAction\",\"target\":\"https:\/\/konyamevlana.com\/bahcelievler\/?s={search_term_string}\",\"query-input\":\"required name=search_term_string\"}],\"inLanguage\":\"tr\"},{\"@type\":\"WebPage\",\"@id\":\"https:\/\/konyamevlana.com\/bahcelievler\/rezervasyon\/#webpage\",\"url\":\"https:\/\/konyamevlana.com\/bahcelievler\/rezervasyon\/\",\"name\":\"Rezervasyon | Konya Mevlana Bah&ccedil;elievler\",\"isPartOf\":{\"@id\":\"https:\/\/konyamevlana.com\/bahcelievler\/#website\"},\"datePublished\":\"2020-12-25T21:44:23+00:00\",\"dateModified\":\"2021-01-02T09:19:24+00:00\",\"inLanguage\":\"tr\",\"potentialAction\":[{\"@type\":\"ReadAction\",\"target\":[\"https:\/\/konyamevlana.com\/bahcelievler\/rezervasyon\/\"]}]}]}<\/script>\n<!-- \/ Yoast SEO Premium plugin. -->","_links":{"self":[{"href":"https:\/\/konyamevlana.com\/bahcelievler\/wp-json\/wp\/v2\/pages\/535"}],"collection":[{"href":"https:\/\/konyamevlana.com\/bahcelievler\/wp-json\/wp\/v2\/pages"}],"about":[{"href":"https:\/\/konyamevlana.com\/bahcelievler\/wp-json\/wp\/v2\/types\/page"}],"author":[{"embeddable":true,"href":"https:\/\/konyamevlana.com\/bahcelievler\/wp-json\/wp\/v2\/users\/1"}],"replies":[{"embeddable":true,"href":"https:\/\/konyamevlana.com\/bahcelievler\/wp-json\/wp\/v2\/comments?post=535"}],"version-history":[{"count":0,"href":"https:\/\/konyamevlana.com\/bahcelievler\/wp-json\/wp\/v2\/pages\/535\/revisions"}],"wp:attachment":[{"href":"https:\/\/konyamevlana.com\/bahcelievler\/wp-json\/wp\/v2\/media?parent=535"}],"curies":[{"name":"wp","href":"https:\/\/api.w.org\/{rel}","templated":true}]}}